{"id":556,"date":"2024-12-07T16:16:35","date_gmt":"2024-12-07T15:16:35","guid":{"rendered":"http:\/\/rosedelphine.com\/?page_id=556"},"modified":"2025-11-30T16:14:38","modified_gmt":"2025-11-30T15:14:38","slug":"marche-avec-elles-2024","status":"publish","type":"page","link":"https:\/\/rosedelphine.com\/index.php\/action-artistique\/marche-avec-elles-2024\/","title":{"rendered":"Marche avec ELLES 2024"},"content":{"rendered":"\n<figure class=\"wp-block-embed is-type-video is-provider-youtube wp-block-embed-youtube wp-embed-aspect-16-9 wp-has-aspect-ratio\"><div class=\"wp-block-embed__wrapper\">\n<iframe loading=\"lazy\" title=\"Marche avec Elles 2024\" width=\"500\" height=\"281\" src=\"https:\/\/www.youtube.com\/embed\/EDLSs-oUPGM?feature=oembed\" frameborder=\"0\" allow=\"accelerometer; autoplay; clipboard-write; encrypted-media; gyroscope; picture-in-picture; web-share\" referrerpolicy=\"strict-origin-when-cross-origin\" allowfullscreen><\/iframe>\n<\/div><\/figure>\n\n\n\n<h4 class=\"wp-block-heading\"><strong>Bandes de mots<\/strong><\/h4>\n\n\n\n<p>Des bandes issues de draps blancs de lit (importance du symbole) de r\u00e9cup\u00e9ration sont propos\u00e9es aux passant.e.s, aux personnes pr\u00e9sentes, venu.e.s pour <strong>\u00ab Marche<\/strong>(r) <strong>avec ELLES 2024 \u00bb <\/strong>, dans le cadre de la journ\u00e9e internationale de lutte pour l\u2019\u00e9limination des violences faites aux femmes.<\/p>\n\n\n\n<p>Elles peuvent y inscrire des messages en amont, puis enrouler la bande autour de leur(s) poing(s) pour la premi\u00e8re partie de la marche.<\/p>\n\n\n\n<p>Symboles de lutte, de protection comme en boxe, ou encore de pansements de blessures.<\/p>\n\n\n\n<p>Apr\u00e8s la performance de \u00ab La p\u2019tite hirondelle \u00bb sur le matelas, les bandes sont d\u00e9roul\u00e9es et font lien entre les manisfestant.e.s. On peut alors y lire leurs messages.<\/p>\n\n\n\n<p>Au lieu d\u2019arriv\u00e9e, elles sont accroch\u00e9es sur un fil \u00e0 linge (\u00e9cho aux t\u00e2ches m\u00e9nag\u00e8res encore trop souvent imput\u00e9es aux femmes)<\/p>\n\n\n\n<p>Plus tard, les bandes de tissus seront cousues entre elles pour refaire un drap nouveau pour un temps nouveau !<\/p>\n\n\n\n<figure class=\"wp-block-gallery has-nested-images columns-default is-cropped wp-block-gallery-1 is-layout-flex wp-block-gallery-is-layout-flex\">\n<figure class=\"wp-block-image size-large\"><img loading=\"lazy\" decoding=\"async\" width=\"768\" height=\"1024\" data-id=\"567\" src=\"https:\/\/rosedelphine.com\/wp-content\/uploads\/2024\/12\/bande-et-gant-de-boxe-768x1024.jpg\" alt=\"\" class=\"wp-image-567\" srcset=\"https:\/\/rosedelphine.com\/wp-content\/uploads\/2024\/12\/bande-et-gant-de-boxe-768x1024.jpg 768w, https:\/\/rosedelphine.com\/wp-content\/uploads\/2024\/12\/bande-et-gant-de-boxe-225x300.jpg 225w, https:\/\/rosedelphine.com\/wp-content\/uploads\/2024\/12\/bande-et-gant-de-boxe-1152x1536.jpg 1152w, https:\/\/rosedelphine.com\/wp-content\/uploads\/2024\/12\/bande-et-gant-de-boxe-1536x2048.jpg 1536w, https:\/\/rosedelphine.com\/wp-content\/uploads\/2024\/12\/bande-et-gant-de-boxe-scaled.jpg 1920w\" sizes=\"auto, (max-width: 768px) 100vw, 768px\" \/><\/figure>\n\n\n\n<figure class=\"wp-block-image size-large\"><img loading=\"lazy\" decoding=\"async\" width=\"759\" height=\"1024\" data-id=\"563\" src=\"https:\/\/rosedelphine.com\/wp-content\/uploads\/2024\/12\/3-bandes-roulees-759x1024.jpeg\" alt=\"\" class=\"wp-image-563\" srcset=\"https:\/\/rosedelphine.com\/wp-content\/uploads\/2024\/12\/3-bandes-roulees-759x1024.jpeg 759w, https:\/\/rosedelphine.com\/wp-content\/uploads\/2024\/12\/3-bandes-roulees-222x300.jpeg 222w, https:\/\/rosedelphine.com\/wp-content\/uploads\/2024\/12\/3-bandes-roulees-768x1036.jpeg 768w, https:\/\/rosedelphine.com\/wp-content\/uploads\/2024\/12\/3-bandes-roulees-1139x1536.jpeg 1139w, https:\/\/rosedelphine.com\/wp-content\/uploads\/2024\/12\/3-bandes-roulees-1519x2048.jpeg 1519w, https:\/\/rosedelphine.com\/wp-content\/uploads\/2024\/12\/3-bandes-roulees-scaled.jpeg 1898w\" sizes=\"auto, (max-width: 759px) 100vw, 759px\" \/><\/figure>\n\n\n\n<figure class=\"wp-block-image size-large\"><img loading=\"lazy\" decoding=\"async\" width=\"1024\" height=\"754\" data-id=\"570\" src=\"https:\/\/rosedelphine.com\/wp-content\/uploads\/2024\/12\/f-1024x754.jpg\" alt=\"\" class=\"wp-image-570\" srcset=\"https:\/\/rosedelphine.com\/wp-content\/uploads\/2024\/12\/f-1024x754.jpg 1024w, https:\/\/rosedelphine.com\/wp-content\/uploads\/2024\/12\/f-300x221.jpg 300w, https:\/\/rosedelphine.com\/wp-content\/uploads\/2024\/12\/f-768x566.jpg 768w, https:\/\/rosedelphine.com\/wp-content\/uploads\/2024\/12\/f-1536x1132.jpg 1536w, https:\/\/rosedelphine.com\/wp-content\/uploads\/2024\/12\/f-2048x1509.jpg 2048w\" sizes=\"auto, (max-width: 1024px) 100vw, 1024px\" \/><\/figure>\n\n\n\n<figure class=\"wp-block-image size-large\"><img loading=\"lazy\" decoding=\"async\" width=\"1024\" height=\"768\" data-id=\"562\" src=\"https:\/\/rosedelphine.com\/wp-content\/uploads\/2024\/12\/Les-coclito-deroulent-les-bandes-1024x768.jpg\" alt=\"\" class=\"wp-image-562\" srcset=\"https:\/\/rosedelphine.com\/wp-content\/uploads\/2024\/12\/Les-coclito-deroulent-les-bandes-1024x768.jpg 1024w, https:\/\/rosedelphine.com\/wp-content\/uploads\/2024\/12\/Les-coclito-deroulent-les-bandes-300x225.jpg 300w, https:\/\/rosedelphine.com\/wp-content\/uploads\/2024\/12\/Les-coclito-deroulent-les-bandes-768x576.jpg 768w, https:\/\/rosedelphine.com\/wp-content\/uploads\/2024\/12\/Les-coclito-deroulent-les-bandes.jpg 1080w\" sizes=\"auto, (max-width: 1024px) 100vw, 1024px\" \/><\/figure>\n\n\n\n<figure class=\"wp-block-image size-large\"><img loading=\"lazy\" decoding=\"async\" width=\"1024\" height=\"752\" data-id=\"566\" src=\"https:\/\/rosedelphine.com\/wp-content\/uploads\/2024\/12\/sur-le-fil-a-linge-Athena-1024x752.jpg\" alt=\"\" class=\"wp-image-566\" srcset=\"https:\/\/rosedelphine.com\/wp-content\/uploads\/2024\/12\/sur-le-fil-a-linge-Athena-1024x752.jpg 1024w, https:\/\/rosedelphine.com\/wp-content\/uploads\/2024\/12\/sur-le-fil-a-linge-Athena-300x220.jpg 300w, https:\/\/rosedelphine.com\/wp-content\/uploads\/2024\/12\/sur-le-fil-a-linge-Athena-768x564.jpg 768w, https:\/\/rosedelphine.com\/wp-content\/uploads\/2024\/12\/sur-le-fil-a-linge-Athena-1536x1128.jpg 1536w, https:\/\/rosedelphine.com\/wp-content\/uploads\/2024\/12\/sur-le-fil-a-linge-Athena-2048x1504.jpg 2048w\" sizes=\"auto, (max-width: 1024px) 100vw, 1024px\" \/><\/figure>\n\n\n\n<figure class=\"wp-block-image size-large\"><img loading=\"lazy\" decoding=\"async\" width=\"768\" height=\"1024\" data-id=\"569\" src=\"https:\/\/rosedelphine.com\/wp-content\/uploads\/2024\/12\/Sur-le-fil-a-linge-1-768x1024.jpg\" alt=\"\" class=\"wp-image-569\" srcset=\"https:\/\/rosedelphine.com\/wp-content\/uploads\/2024\/12\/Sur-le-fil-a-linge-1-768x1024.jpg 768w, https:\/\/rosedelphine.com\/wp-content\/uploads\/2024\/12\/Sur-le-fil-a-linge-1-225x300.jpg 225w, https:\/\/rosedelphine.com\/wp-content\/uploads\/2024\/12\/Sur-le-fil-a-linge-1-1152x1536.jpg 1152w, https:\/\/rosedelphine.com\/wp-content\/uploads\/2024\/12\/Sur-le-fil-a-linge-1-1536x2048.jpg 1536w, https:\/\/rosedelphine.com\/wp-content\/uploads\/2024\/12\/Sur-le-fil-a-linge-1-scaled.jpg 1920w\" sizes=\"auto, (max-width: 768px) 100vw, 768px\" \/><\/figure>\n\n\n\n<figure class=\"wp-block-image size-large\"><img loading=\"lazy\" decoding=\"async\" width=\"1024\" height=\"761\" data-id=\"568\" src=\"https:\/\/rosedelphine.com\/wp-content\/uploads\/2024\/12\/Bandes-de-mots-sur-la-tete-1-1024x761.jpg\" alt=\"\" class=\"wp-image-568\" srcset=\"https:\/\/rosedelphine.com\/wp-content\/uploads\/2024\/12\/Bandes-de-mots-sur-la-tete-1-1024x761.jpg 1024w, https:\/\/rosedelphine.com\/wp-content\/uploads\/2024\/12\/Bandes-de-mots-sur-la-tete-1-300x223.jpg 300w, https:\/\/rosedelphine.com\/wp-content\/uploads\/2024\/12\/Bandes-de-mots-sur-la-tete-1-768x571.jpg 768w, https:\/\/rosedelphine.com\/wp-content\/uploads\/2024\/12\/Bandes-de-mots-sur-la-tete-1-1536x1142.jpg 1536w, https:\/\/rosedelphine.com\/wp-content\/uploads\/2024\/12\/Bandes-de-mots-sur-la-tete-1-2048x1523.jpg 2048w\" sizes=\"auto, (max-width: 1024px) 100vw, 1024px\" \/><\/figure>\n<\/figure>\n\n\n\n<p><strong>Performance \u00ab La p<\/strong><strong>\u2019<\/strong><strong>tite hirondelle \u00bb<\/strong><\/p>\n\n\n\n<p>Un matelas double sur lequel est peint au pr\u00e9alable une silhouette est expos\u00e9 dans l\u2019espace publique quelques heures avant le d\u00e9part de \u00ab Marche avec ELLES \u00bb<br>Les passant.e. et autres personnes venu.e.s pour marcher peuvent y \u00e9pingler le pr\u00e9nom d\u2019une victime de VSS.<\/p>\n\n\n\n<p>Au d\u00e9part du cort\u00e8ge, il est recouvert d\u2019un drap housse et port\u00e9 par un groupe de femmes : symbole d&rsquo;une marche de cort\u00e8ge fun\u00e9raire, d\u2019un brancard, d\u2019un slam de concert si des personnes s\u2019ajoutent, changent de place sous le matelas et si la playlist ou les chants inspirent.<\/p>\n\n\n\n<p>Arriv\u00e9 au lieu de la performance, il est maintenu verticalement. Un corps se glisse dans un premier temps entre le matelas peint et le drap housse.<br>Le texte \u00e9crit et lu par Delphine Rose et sonoris\u00e9 par C\u00e9dric Wicht est diffus\u00e9 et la performance se concentre sur l\u2019action de l\u2019artiste avec ce matelas :<\/p>\n\n\n\n<p>Petite lumi\u00e8re rouge clignotante sous le drap housse puis mouvements dans\u00e9s en tension contre le tissus, sortie du corps, d\u00e9couverte de la peinture, noms des victimes d\u00e9croch\u00e9es, puis <em>Action painting <\/em>au poing sur la silhouette et ensuite au rouleau en rose sur l\u2019ensemble <em>\u00ab repeindre la chambre en rose \u00bb <\/em>(mots de Judith Godr\u00e8che, actrice victime de VSS).<\/p>\n\n\n\n<p>Pour finir, des lettres cach\u00e9es, en r\u00e9serve sous la peinture, sont arrach\u00e9.e.s pour faire apparaitre le mot \u00ab <strong>FIN <\/strong>\u00bb ( fin de la performance, fin des violences)<\/p>\n\n\n\n<p>Le public et des musiciens accompagnent le refrain chant\u00e9 du texte communiqu\u00e9 au pr\u00e9alable.<\/p>\n\n\n\n<figure class=\"wp-block-gallery has-nested-images columns-default is-cropped wp-block-gallery-2 is-layout-flex wp-block-gallery-is-layout-flex\">\n<figure class=\"wp-block-image size-large\"><img loading=\"lazy\" decoding=\"async\" width=\"711\" height=\"1024\" data-id=\"578\" src=\"https:\/\/rosedelphine.com\/wp-content\/uploads\/2024\/12\/FIN-711x1024.jpg\" alt=\"\" class=\"wp-image-578\" srcset=\"https:\/\/rosedelphine.com\/wp-content\/uploads\/2024\/12\/FIN-711x1024.jpg 711w, https:\/\/rosedelphine.com\/wp-content\/uploads\/2024\/12\/FIN-208x300.jpg 208w, https:\/\/rosedelphine.com\/wp-content\/uploads\/2024\/12\/FIN-768x1106.jpg 768w, https:\/\/rosedelphine.com\/wp-content\/uploads\/2024\/12\/FIN-1066x1536.jpg 1066w, https:\/\/rosedelphine.com\/wp-content\/uploads\/2024\/12\/FIN-1422x2048.jpg 1422w, https:\/\/rosedelphine.com\/wp-content\/uploads\/2024\/12\/FIN-scaled.jpg 1777w\" sizes=\"auto, (max-width: 711px) 100vw, 711px\" \/><\/figure>\n\n\n\n<figure class=\"wp-block-image size-large\"><img loading=\"lazy\" decoding=\"async\" width=\"760\" height=\"1024\" data-id=\"572\" src=\"https:\/\/rosedelphine.com\/wp-content\/uploads\/2024\/12\/matelas-dans-lespace-publique-760x1024.jpg\" alt=\"\" class=\"wp-image-572\" srcset=\"https:\/\/rosedelphine.com\/wp-content\/uploads\/2024\/12\/matelas-dans-lespace-publique-760x1024.jpg 760w, https:\/\/rosedelphine.com\/wp-content\/uploads\/2024\/12\/matelas-dans-lespace-publique-223x300.jpg 223w, https:\/\/rosedelphine.com\/wp-content\/uploads\/2024\/12\/matelas-dans-lespace-publique-768x1035.jpg 768w, https:\/\/rosedelphine.com\/wp-content\/uploads\/2024\/12\/matelas-dans-lespace-publique-1140x1536.jpg 1140w, https:\/\/rosedelphine.com\/wp-content\/uploads\/2024\/12\/matelas-dans-lespace-publique-1520x2048.jpg 1520w, https:\/\/rosedelphine.com\/wp-content\/uploads\/2024\/12\/matelas-dans-lespace-publique-scaled.jpg 1900w\" sizes=\"auto, (max-width: 760px) 100vw, 760px\" \/><\/figure>\n\n\n\n<figure class=\"wp-block-image size-large\"><img loading=\"lazy\" decoding=\"async\" width=\"768\" height=\"1024\" data-id=\"580\" src=\"https:\/\/rosedelphine.com\/wp-content\/uploads\/2024\/12\/Une-passante-epingle-un-prenom-de-femme-1-768x1024.jpg\" alt=\"\" class=\"wp-image-580\" srcset=\"https:\/\/rosedelphine.com\/wp-content\/uploads\/2024\/12\/Une-passante-epingle-un-prenom-de-femme-1-768x1024.jpg 768w, https:\/\/rosedelphine.com\/wp-content\/uploads\/2024\/12\/Une-passante-epingle-un-prenom-de-femme-1-225x300.jpg 225w, https:\/\/rosedelphine.com\/wp-content\/uploads\/2024\/12\/Une-passante-epingle-un-prenom-de-femme-1-1152x1536.jpg 1152w, https:\/\/rosedelphine.com\/wp-content\/uploads\/2024\/12\/Une-passante-epingle-un-prenom-de-femme-1-1536x2048.jpg 1536w, https:\/\/rosedelphine.com\/wp-content\/uploads\/2024\/12\/Une-passante-epingle-un-prenom-de-femme-1-scaled.jpg 1920w\" sizes=\"auto, (max-width: 768px) 100vw, 768px\" \/><\/figure>\n\n\n\n<figure class=\"wp-block-image size-large\"><img loading=\"lazy\" decoding=\"async\" width=\"1024\" height=\"768\" data-id=\"577\" src=\"https:\/\/rosedelphine.com\/wp-content\/uploads\/2024\/12\/la-chorale-des-coclitos-devant-le-matelas-1024x768.jpg\" alt=\"\" class=\"wp-image-577\" srcset=\"https:\/\/rosedelphine.com\/wp-content\/uploads\/2024\/12\/la-chorale-des-coclitos-devant-le-matelas-1024x768.jpg 1024w, https:\/\/rosedelphine.com\/wp-content\/uploads\/2024\/12\/la-chorale-des-coclitos-devant-le-matelas-300x225.jpg 300w, https:\/\/rosedelphine.com\/wp-content\/uploads\/2024\/12\/la-chorale-des-coclitos-devant-le-matelas-768x576.jpg 768w, https:\/\/rosedelphine.com\/wp-content\/uploads\/2024\/12\/la-chorale-des-coclitos-devant-le-matelas-1536x1152.jpg 1536w, https:\/\/rosedelphine.com\/wp-content\/uploads\/2024\/12\/la-chorale-des-coclitos-devant-le-matelas.jpg 1600w\" sizes=\"auto, (max-width: 1024px) 100vw, 1024px\" \/><\/figure>\n\n\n\n<figure class=\"wp-block-image size-large\"><img loading=\"lazy\" decoding=\"async\" width=\"768\" height=\"1024\" data-id=\"574\" src=\"https:\/\/rosedelphine.com\/wp-content\/uploads\/2024\/12\/matelas-porte-768x1024.jpg\" alt=\"\" class=\"wp-image-574\" srcset=\"https:\/\/rosedelphine.com\/wp-content\/uploads\/2024\/12\/matelas-porte-768x1024.jpg 768w, https:\/\/rosedelphine.com\/wp-content\/uploads\/2024\/12\/matelas-porte-225x300.jpg 225w, https:\/\/rosedelphine.com\/wp-content\/uploads\/2024\/12\/matelas-porte-1152x1536.jpg 1152w, https:\/\/rosedelphine.com\/wp-content\/uploads\/2024\/12\/matelas-porte.jpg 1200w\" sizes=\"auto, (max-width: 768px) 100vw, 768px\" \/><\/figure>\n\n\n\n<figure class=\"wp-block-image size-large\"><img loading=\"lazy\" decoding=\"async\" width=\"1024\" height=\"768\" data-id=\"575\" src=\"https:\/\/rosedelphine.com\/wp-content\/uploads\/2024\/12\/presence-1024x768.jpg\" alt=\"\" class=\"wp-image-575\" srcset=\"https:\/\/rosedelphine.com\/wp-content\/uploads\/2024\/12\/presence-1024x768.jpg 1024w, https:\/\/rosedelphine.com\/wp-content\/uploads\/2024\/12\/presence-300x225.jpg 300w, https:\/\/rosedelphine.com\/wp-content\/uploads\/2024\/12\/presence-768x576.jpg 768w, https:\/\/rosedelphine.com\/wp-content\/uploads\/2024\/12\/presence-1536x1152.jpg 1536w, https:\/\/rosedelphine.com\/wp-content\/uploads\/2024\/12\/presence.jpg 1600w\" sizes=\"auto, (max-width: 1024px) 100vw, 1024px\" \/><\/figure>\n\n\n\n<figure class=\"wp-block-image size-large\"><img loading=\"lazy\" decoding=\"async\" width=\"1024\" height=\"768\" data-id=\"576\" src=\"https:\/\/rosedelphine.com\/wp-content\/uploads\/2024\/12\/public-1024x768.jpg\" alt=\"\" class=\"wp-image-576\" srcset=\"https:\/\/rosedelphine.com\/wp-content\/uploads\/2024\/12\/public-1024x768.jpg 1024w, https:\/\/rosedelphine.com\/wp-content\/uploads\/2024\/12\/public-300x225.jpg 300w, https:\/\/rosedelphine.com\/wp-content\/uploads\/2024\/12\/public-768x576.jpg 768w, https:\/\/rosedelphine.com\/wp-content\/uploads\/2024\/12\/public.jpg 1080w\" sizes=\"auto, (max-width: 1024px) 100vw, 1024px\" \/><\/figure>\n\n\n\n<figure class=\"wp-block-image size-large\"><img loading=\"lazy\" decoding=\"async\" width=\"768\" height=\"1024\" data-id=\"573\" src=\"https:\/\/rosedelphine.com\/wp-content\/uploads\/2024\/12\/action-painting-768x1024.jpg\" alt=\"\" class=\"wp-image-573\" srcset=\"https:\/\/rosedelphine.com\/wp-content\/uploads\/2024\/12\/action-painting-768x1024.jpg 768w, https:\/\/rosedelphine.com\/wp-content\/uploads\/2024\/12\/action-painting-225x300.jpg 225w, https:\/\/rosedelphine.com\/wp-content\/uploads\/2024\/12\/action-painting.jpg 1080w\" sizes=\"auto, (max-width: 768px) 100vw, 768px\" \/><\/figure>\n<\/figure>\n\n\n\n<figure class=\"wp-block-audio\"><audio controls src=\"https:\/\/rosedelphine.com\/wp-content\/uploads\/2024\/12\/AUD-20241128-WA0001.mp3\"><\/audio><\/figure>\n\n\n\n<p><\/p>\n","protected":false},"excerpt":{"rendered":"<p>Bandes de mots Des bandes issues de draps blancs de lit (importance du symbole) de r\u00e9cup\u00e9ration sont propos\u00e9es aux passant.e.s, aux personnes pr\u00e9sentes, venu.e.s pour \u00ab Marche(r) avec ELLES 2024 \u00bb , dans le cadre de la journ\u00e9e internationale de lutte pour l\u2019\u00e9limination des violences faites aux femmes. Elles peuvent y inscrire des messages en [&hellip;]<\/p>\n","protected":false},"author":1,"featured_media":0,"parent":23,"menu_order":0,"comment_status":"closed","ping_status":"closed","template":"","meta":{"footnotes":""},"class_list":["post-556","page","type-page","status-publish","hentry"],"_links":{"self":[{"href":"https:\/\/rosedelphine.com\/index.php\/wp-json\/wp\/v2\/pages\/556","targetHints":{"allow":["GET"]}}],"collection":[{"href":"https:\/\/rosedelphine.com\/index.php\/wp-json\/wp\/v2\/pages"}],"about":[{"href":"https:\/\/rosedelphine.com\/index.php\/wp-json\/wp\/v2\/types\/page"}],"author":[{"embeddable":true,"href":"https:\/\/rosedelphine.com\/index.php\/wp-json\/wp\/v2\/users\/1"}],"replies":[{"embeddable":true,"href":"https:\/\/rosedelphine.com\/index.php\/wp-json\/wp\/v2\/comments?post=556"}],"version-history":[{"count":7,"href":"https:\/\/rosedelphine.com\/index.php\/wp-json\/wp\/v2\/pages\/556\/revisions"}],"predecessor-version":[{"id":606,"href":"https:\/\/rosedelphine.com\/index.php\/wp-json\/wp\/v2\/pages\/556\/revisions\/606"}],"up":[{"embeddable":true,"href":"https:\/\/rosedelphine.com\/index.php\/wp-json\/wp\/v2\/pages\/23"}],"wp:attachment":[{"href":"https:\/\/rosedelphine.com\/index.php\/wp-json\/wp\/v2\/media?parent=556"}],"curies":[{"name":"wp","href":"https:\/\/api.w.org\/{rel}","templated":true}]}}