{"id":463,"date":"2024-10-25T18:12:02","date_gmt":"2024-10-25T16:12:02","guid":{"rendered":"http:\/\/rosedelphine.com\/?page_id=463"},"modified":"2024-12-13T19:42:44","modified_gmt":"2024-12-13T18:42:44","slug":"cycle-rouge","status":"publish","type":"page","link":"https:\/\/rosedelphine.com\/index.php\/action-artistique\/cycle-rouge\/","title":{"rendered":"Cycle rouge"},"content":{"rendered":"\n<p>Novembre 2021, le d\u00e9but d\u2019un compte \u00e0 rebours photographique vers la fin de mes r\u00e8gles, \u00ab&nbsp;mon cycle rouge&nbsp;\u00bb. Il est en cours.<\/p>\n\n\n\n<p>En route vers la M\u00c9NOPAUSE&nbsp;!<\/p>\n\n\n\n<p>Avec mon sang, \u00e0 chaque cycle, je demande \u00e0 une personne de choisir un dessin, une trace \u00e0 me faire sur le visage et une mise en situation simple. Je suis photographi\u00e9e avec un peu de son histoire et de son imaginaire menstruel, qu\u2019elle soit femme, homme, non genr\u00e9e.<\/p>\n\n\n\n<p>Ce travail est un marqueur ritualis\u00e9 qui m\u2019accompagne vers une fin. Je ne suis pas seule sur cette route o\u00f9 j\u2019ai \u00e9t\u00e9 fertile.<\/p>\n\n\n\n<p>C\u2019est aussi une exposition de l\u2019intime qui transforme la p\u00e9joration sociale et patriarcale pesant sur le sang des r\u00e8gles, sur la m\u00e9nopause, en un travail artistique de visibilit\u00e9 dont le processus de r\u00e9alisation est partag\u00e9.<\/p>\n\n\n\n<figure class=\"wp-block-image aligncenter size-large is-resized\"><img loading=\"lazy\" decoding=\"async\" width=\"768\" height=\"1024\" src=\"http:\/\/rosedelphine.com\/wp-content\/uploads\/2024\/10\/mars-23-by-me-768x1024.jpg\" alt=\"\" class=\"wp-image-464\" style=\"width:342px;height:auto\" srcset=\"https:\/\/rosedelphine.com\/wp-content\/uploads\/2024\/10\/mars-23-by-me-768x1024.jpg 768w, https:\/\/rosedelphine.com\/wp-content\/uploads\/2024\/10\/mars-23-by-me-225x300.jpg 225w, https:\/\/rosedelphine.com\/wp-content\/uploads\/2024\/10\/mars-23-by-me-1152x1536.jpg 1152w, https:\/\/rosedelphine.com\/wp-content\/uploads\/2024\/10\/mars-23-by-me-1536x2048.jpg 1536w, https:\/\/rosedelphine.com\/wp-content\/uploads\/2024\/10\/mars-23-by-me-scaled.jpg 1920w\" sizes=\"auto, (max-width: 768px) 100vw, 768px\" \/><\/figure>\n\n\n\n<figure class=\"wp-block-gallery has-nested-images columns-default is-cropped wp-block-gallery-1 is-layout-flex wp-block-gallery-is-layout-flex\">\n<figure class=\"wp-block-image size-large\"><img loading=\"lazy\" decoding=\"async\" width=\"424\" height=\"530\" data-id=\"465\" src=\"http:\/\/rosedelphine.com\/wp-content\/uploads\/2024\/10\/CR1.jpg\" alt=\"\" class=\"wp-image-465\" srcset=\"https:\/\/rosedelphine.com\/wp-content\/uploads\/2024\/10\/CR1.jpg 424w, https:\/\/rosedelphine.com\/wp-content\/uploads\/2024\/10\/CR1-240x300.jpg 240w\" sizes=\"auto, (max-width: 424px) 100vw, 424px\" \/><\/figure>\n\n\n\n<figure class=\"wp-block-image size-large\"><img loading=\"lazy\" decoding=\"async\" width=\"418\" height=\"523\" data-id=\"467\" src=\"http:\/\/rosedelphine.com\/wp-content\/uploads\/2024\/10\/CR3.jpg\" alt=\"\" class=\"wp-image-467\" srcset=\"https:\/\/rosedelphine.com\/wp-content\/uploads\/2024\/10\/CR3.jpg 418w, https:\/\/rosedelphine.com\/wp-content\/uploads\/2024\/10\/CR3-240x300.jpg 240w\" sizes=\"auto, (max-width: 418px) 100vw, 418px\" \/><\/figure>\n\n\n\n<figure class=\"wp-block-image size-large\"><img loading=\"lazy\" decoding=\"async\" width=\"421\" height=\"526\" data-id=\"466\" src=\"http:\/\/rosedelphine.com\/wp-content\/uploads\/2024\/10\/CR2.jpg\" alt=\"\" class=\"wp-image-466\" srcset=\"https:\/\/rosedelphine.com\/wp-content\/uploads\/2024\/10\/CR2.jpg 421w, https:\/\/rosedelphine.com\/wp-content\/uploads\/2024\/10\/CR2-240x300.jpg 240w\" sizes=\"auto, (max-width: 421px) 100vw, 421px\" \/><\/figure>\n<figcaption class=\"blocks-gallery-caption wp-element-caption\">Un texte existe pour chaque image. Elles sont une vingtaine aujourd\u2019hui et seront retouch\u00e9es selon la forme de restitution choisie.<\/figcaption><\/figure>\n\n\n\n<p><strong>Cette chance d\u2019avoir acc\u00e8s \u00e0 son sang sans \u00eatre bless\u00e9e<\/strong><\/p>\n\n\n\n<blockquote class=\"wp-block-quote is-layout-flow wp-block-quote-is-layout-flow\">\n<p class=\"has-small-font-size\">Des hommes font couler le sang des autres pour exister ou donne-le-leur \u00e0 la mort de la guerre en l\u2019honneur de fronti\u00e8res.<br>De notre corps de femmes du sang coule un moment, r\u00e9guli\u00e8rement comme un souffle qui insuffle la vie. Mensuellement. Sensuellement. Pacifiquement.<br>Des vases communicants ?! <br>Leurs faisceaux sanguinaires \u00e9clairent une image o\u00f9 nous ne sommes pas.\u00a0<br>Des vaisseaux fant\u00f4mes transportent depuis trop longtemps un sang coagul\u00e9 au fond d\u2019un puit tari.<br>Il est grand temps aujourd\u2019hui d&rsquo;y fracasser ces vases qui ne communiquent pas et qui au mieux accueillent un bouquet de fleurs, orphelines de terre, pour une <em>fucking<\/em> f\u00eate des m\u00e8res.<br>Il est temps de casser cette sale vaisselle sale et de nous laver de ce patriarcat qui nous suicide ensemble, nous en premi\u00e8re ligne.<br>Notre sang est propre. Nourrissant il coule entre nos cuisses, sans coups acharn\u00e9s pour se distinguer.<br>Quelle chance d\u2019avoir acc\u00e8s \u00e0 son sang sans \u00eatre bless\u00e9e ! Quelle chance d\u2019\u00eatre une femme\u00a0!<\/p>\n<\/blockquote>\n","protected":false},"excerpt":{"rendered":"<p>Novembre 2021, le d\u00e9but d\u2019un compte \u00e0 rebours photographique vers la fin de mes r\u00e8gles, \u00ab&nbsp;mon cycle rouge&nbsp;\u00bb. Il est en cours. En route vers la M\u00c9NOPAUSE&nbsp;! Avec mon sang, \u00e0 chaque cycle, je demande \u00e0 une personne de choisir un dessin, une trace \u00e0 me faire sur le visage et une mise en situation [&hellip;]<\/p>\n","protected":false},"author":1,"featured_media":0,"parent":23,"menu_order":0,"comment_status":"closed","ping_status":"closed","template":"","meta":{"footnotes":""},"class_list":["post-463","page","type-page","status-publish","hentry"],"_links":{"self":[{"href":"https:\/\/rosedelphine.com\/index.php\/wp-json\/wp\/v2\/pages\/463","targetHints":{"allow":["GET"]}}],"collection":[{"href":"https:\/\/rosedelphine.com\/index.php\/wp-json\/wp\/v2\/pages"}],"about":[{"href":"https:\/\/rosedelphine.com\/index.php\/wp-json\/wp\/v2\/types\/page"}],"author":[{"embeddable":true,"href":"https:\/\/rosedelphine.com\/index.php\/wp-json\/wp\/v2\/users\/1"}],"replies":[{"embeddable":true,"href":"https:\/\/rosedelphine.com\/index.php\/wp-json\/wp\/v2\/comments?post=463"}],"version-history":[{"count":4,"href":"https:\/\/rosedelphine.com\/index.php\/wp-json\/wp\/v2\/pages\/463\/revisions"}],"predecessor-version":[{"id":528,"href":"https:\/\/rosedelphine.com\/index.php\/wp-json\/wp\/v2\/pages\/463\/revisions\/528"}],"up":[{"embeddable":true,"href":"https:\/\/rosedelphine.com\/index.php\/wp-json\/wp\/v2\/pages\/23"}],"wp:attachment":[{"href":"https:\/\/rosedelphine.com\/index.php\/wp-json\/wp\/v2\/media?parent=463"}],"curies":[{"name":"wp","href":"https:\/\/api.w.org\/{rel}","templated":true}]}}