{"id":450,"date":"2024-10-23T20:12:52","date_gmt":"2024-10-23T18:12:52","guid":{"rendered":"http:\/\/rosedelphine.com\/?page_id=450"},"modified":"2024-12-13T19:45:52","modified_gmt":"2024-12-13T18:45:52","slug":"o-jardin","status":"publish","type":"page","link":"https:\/\/rosedelphine.com\/index.php\/installation-et-volume\/o-jardin\/","title":{"rendered":"\u00d4 jardin"},"content":{"rendered":"\n<p>Printemps 2023<\/p>\n\n\n\n<p>Sculpture \u00e9volutive le temps de l&rsquo;expo <em>\u00d4 jardin \u00e0 la Chapelle St Esprit :<\/em> la terre rouge craqu\u00e8le autour du carr\u00e9 de porcelaine et de celui de lentilles d&rsquo;eau<\/p>\n\n\n\n<figure class=\"wp-block-gallery has-nested-images columns-default is-cropped wp-block-gallery-1 is-layout-flex wp-block-gallery-is-layout-flex\">\n<figure class=\"wp-block-image size-large\"><img loading=\"lazy\" decoding=\"async\" width=\"1024\" height=\"1008\" data-id=\"451\" src=\"http:\/\/rosedelphine.com\/wp-content\/uploads\/2024\/10\/O-jardin-1024x1008.jpg\" alt=\"\" class=\"wp-image-451\" srcset=\"https:\/\/rosedelphine.com\/wp-content\/uploads\/2024\/10\/O-jardin-1024x1008.jpg 1024w, https:\/\/rosedelphine.com\/wp-content\/uploads\/2024\/10\/O-jardin-300x295.jpg 300w, https:\/\/rosedelphine.com\/wp-content\/uploads\/2024\/10\/O-jardin-768x756.jpg 768w, https:\/\/rosedelphine.com\/wp-content\/uploads\/2024\/10\/O-jardin-1536x1511.jpg 1536w, https:\/\/rosedelphine.com\/wp-content\/uploads\/2024\/10\/O-jardin-2048x2015.jpg 2048w\" sizes=\"auto, (max-width: 1024px) 100vw, 1024px\" \/><\/figure>\n\n\n\n<figure class=\"wp-block-image size-large\"><img loading=\"lazy\" decoding=\"async\" width=\"768\" height=\"1024\" data-id=\"536\" src=\"http:\/\/rosedelphine.com\/wp-content\/uploads\/2024\/12\/lentilles-deau-bloc-768x1024.jpg\" alt=\"\" class=\"wp-image-536\" srcset=\"https:\/\/rosedelphine.com\/wp-content\/uploads\/2024\/12\/lentilles-deau-bloc-768x1024.jpg 768w, https:\/\/rosedelphine.com\/wp-content\/uploads\/2024\/12\/lentilles-deau-bloc-225x300.jpg 225w, https:\/\/rosedelphine.com\/wp-content\/uploads\/2024\/12\/lentilles-deau-bloc-1152x1536.jpg 1152w, https:\/\/rosedelphine.com\/wp-content\/uploads\/2024\/12\/lentilles-deau-bloc-1536x2048.jpg 1536w, https:\/\/rosedelphine.com\/wp-content\/uploads\/2024\/12\/lentilles-deau-bloc-scaled.jpg 1920w\" sizes=\"auto, (max-width: 768px) 100vw, 768px\" \/><\/figure>\n<\/figure>\n","protected":false},"excerpt":{"rendered":"<p>Printemps 2023 Sculpture \u00e9volutive le temps de l&rsquo;expo \u00d4 jardin \u00e0 la Chapelle St Esprit : la terre rouge craqu\u00e8le autour du carr\u00e9 de porcelaine et de celui de lentilles d&rsquo;eau<\/p>\n","protected":false},"author":1,"featured_media":0,"parent":19,"menu_order":0,"comment_status":"closed","ping_status":"closed","template":"","meta":{"footnotes":""},"class_list":["post-450","page","type-page","status-publish","hentry"],"_links":{"self":[{"href":"https:\/\/rosedelphine.com\/index.php\/wp-json\/wp\/v2\/pages\/450","targetHints":{"allow":["GET"]}}],"collection":[{"href":"https:\/\/rosedelphine.com\/index.php\/wp-json\/wp\/v2\/pages"}],"about":[{"href":"https:\/\/rosedelphine.com\/index.php\/wp-json\/wp\/v2\/types\/page"}],"author":[{"embeddable":true,"href":"https:\/\/rosedelphine.com\/index.php\/wp-json\/wp\/v2\/users\/1"}],"replies":[{"embeddable":true,"href":"https:\/\/rosedelphine.com\/index.php\/wp-json\/wp\/v2\/comments?post=450"}],"version-history":[{"count":2,"href":"https:\/\/rosedelphine.com\/index.php\/wp-json\/wp\/v2\/pages\/450\/revisions"}],"predecessor-version":[{"id":537,"href":"https:\/\/rosedelphine.com\/index.php\/wp-json\/wp\/v2\/pages\/450\/revisions\/537"}],"up":[{"embeddable":true,"href":"https:\/\/rosedelphine.com\/index.php\/wp-json\/wp\/v2\/pages\/19"}],"wp:attachment":[{"href":"https:\/\/rosedelphine.com\/index.php\/wp-json\/wp\/v2\/media?parent=450"}],"curies":[{"name":"wp","href":"https:\/\/api.w.org\/{rel}","templated":true}]}}